5)). Suppose 0 = -i + p + 44. Suppose 2*d = 4*d - 2*g - i, d + 4*g - 42 = 0. Is d composite?
True
Suppose 0 = -67*q + 5510 - 820. Let p = 12 - -69. Let n = p - q. Is n a composite number?
False
Let z = -15538 + 19665. Is z a prime number?
True
Let p = 527 - 524. Let q(y) be the third derivative of 11*y**6/120 + y**5/15 - 7*y**3/6 + y**2. Is q(p) a prime number?
False
Suppose -2*d = 2*x - 14816, -4*x + d + 0*d = -29652. Suppose -x - 9276 = 7*i. Let v = -649 - i. Is v prime?
False
Let z be 7/42*-3*-6. Suppose -3*v - 7732 = -r, 5*r - 7*v + z*v = 38693. Is r a composite number?
False
Suppose 5*x - 2*o - 970 = -o, 0 = 5*x - 4*o - 955. Let m(q) = -11*q**3 + q**2 - 2*q + 4. Let p be m(4). Let t = x - p. Is t a composite number?
False
Suppose 0 = 19*p - 954 - 5145. Suppose 2*l = -d + 664, -4*l - p = -5*l + 5*d. Is l a prime number?
True
Let y be 12/42 + (-9)/(-42)*26188. Suppose -88 = 10*p + y. Let j = 1449 + p. Is j a composite number?
True
Let s = 24156 + -35166. Let j = -3727 - s. Is j a composite number?
False
Suppose -v = 2*u - 9661 - 7356, 3*u + 51069 = 3*v. Is v a composite number?
False
Suppose 2*j + y = 87, 7*j - 2*j - 2*y = 231. Is 4374/8 + (j/36)/5 composite?
False
Suppose 2*h - 1477056 = 2*w, 4*h = 5*w + 2282235 + 671882. Is h a prime number?
True
Suppose -9*a = -3*a - 18. Let u(j) = 25*j**3 - 6*j + 5. Is u(a) a prime number?
False
Let d(q) = 767*q + 1. Suppose -3*u = 2*f - 37, 4*u + f - 56 = -15. Suppose -8*k = -7 - u. Is d(k) a composite number?
True
Let l = 27127 + 95614. Is l a prime number?
True
Let f(p) be the third derivative of -p**5/60 - p**4/6 + 809*p**3/3 + p**2 + 426. Let j = 4 + -4. Is f(j) a composite number?
True
Let a be 9/(-14)*-2 + 62/(-217). Suppose -2*d + 6*m - 22 = m, -5*d - m - a = 0. Is (7 + 312)*(2 - 2 - d) prime?
False
Suppose y + 69 = -5*l, -2*l = 5*y - 2*y + 38. Let k be (-6)/39 - 262/l. Is 38274/4 - k/(-40) composite?
True
Let d(b) = 7*b - 11. Let l be d(2). Suppose -2*g = -2*z - 0*z - 404, l*z = -12. Suppose -4*h - 4*o + 380 = 0, 4*o = -2*h - 0*h + g. Is h prime?
False
Let l be 8/(160/36) + (-2)/(-10). Let d(u) = -7*u - 17. Let a be d(-3). Suppose 4*g + 5*k - 518 = 0, -a*g + g + 377 = -l*k. Is g prime?
True
Let m = 3140 + 455. Let b = 6294 - m. Is b composite?
False
Suppose 11*z - 7339 - 2957 = 0. Suppose 4*a = 6*a - z. Suppose -a - 743 = -w. Is w composite?
True
Let w = -241136 + 390151. Is w prime?
False
Let q be ((-19)/38)/((-1)/(-12)). Let o(k) = -28*k**3 - 5*k**2 + 13*k + 3. Is o(q) a composite number?
True
Let q = 60404 + -2989. Is q a prime number?
False
Is 23174*3/(-14)*-7 prime?
False
Suppose -25*f + 171 = -6*f. Suppose f*h - 4745 = 3013. Is h prime?
False
Let z be (201/(-24))/((-12)/96). Suppose -z*v + 49*v = -103266. Is v composite?
False
Suppose -10*m - 5*f + 2018780 = -8*m, -3*m - 4*f = -3028191. Is m prime?
False
Let b be 3*(-2 - 2/12)*-2. Suppose 93118 = b*l + 28001. Is l prime?
True
Let p = -128970 + 233251. Is p a prime number?
True
Suppose 24*j = -378657 + 1746201. Is j composite?
True
Let m(y) = 5*y**2 - 2*y + 1. Let b be m(1). Suppose -b*s = d + 7 + 1, -3*d + 40 = -4*s. Is 2 - (d - 2) - -2199 prime?
False
Let l(p) = p**3 + 12*p**2 - 3*p - 2. Let d be l(-12). Suppose -d = -4*c - 14. Let j(s) = 76*s - 3. Is j(c) a composite number?
True
Let i(x) = x**3 - x**2 - 17*x + 8. Let s be i(5). Suppose s*l = 27*l - 23924. Is l a composite number?
False
Suppose 208051 - 42306 = 5*q - 2*c, -3*q + 99447 = -2*c. Is q a prime number?
True
Suppose o + 3*o = 0. Let w(b) = o*b**2 + 2*b**2 - 4*b**2 - 8*b**3 - 45*b**3 - 3*b - 3. Is w(-2) a composite number?
False
Suppose -b - 20*b + 4550271 = 30*b. Is b composite?
True
Suppose -16*q = -17869 - 140483. Is q prime?
False
Let n(d) = 51*d**2 - d. Let p(t) = 2*t + 1. Let j be p(-1). Let k be n(j). Let g = k + 33. Is g a prime number?
False
Let v(o) = -o**3 + 50*o**2 + 73*o + 713. Is v(-40) composite?
False
Let v = 68 - 68. Suppose v = 2*l - 5*l + 19047. Is l prime?
False
Let f(k) be the third derivative of 4*k**5 + 29*k**4/24 + 38*k**3/3 - 103*k**2. Is f(-3) prime?
False
Let v = 16169 - -1050. Is v prime?
False
Let q = -121725 + 328016. Is q a prime number?
True
Let x(c) = 40*c**2 - 196*c - 259. Is x(-22) a prime number?
False
Let y(d) = 6*d**2 + 38 - 1358*d**3 - 15*d + 2*d**2 + 1382*d**3. Is y(5) prime?
True
Let x = -273273 - -479564. Is x a prime number?
True
Let q be 4138 - 0*(4/(-16) + 0). Let d = q + 161. Suppose -u = -d + 1445. Is u a composite number?
True
Let d(m) = 196*m + 43. Let x(k) = 2*k. Let p(v) = d(v) - 2*x(v). Is p(3) a prime number?
True
Let j = -8 - -22. Is (j + -3)/(-2 - (-606)/302) a composite number?
True
Let h be -3 - ((-749)/4 + 6/24). Let a = h + -129. Suppose 5*v - 1690 = -a. Is v a prime number?
False
Suppose -493863 = -1746*c + 1745*c + 63854. Is c a prime number?
True
Let w(t) = -6624*t + 1055. Is w(-37) prime?
False
Suppose 5*h = z - 13, h = 3*z - 8 - 3. Suppose 0 = 5*p - z*k - 5275, 4*p - 4220 = -2*k - k. Is p a prime number?
False
Let n(h) = h - 4. Let b be n(6). Let l(o) = 55*o + 2667. Let t be l(-51). Is (t/18 - -7)/(b/(-2157)) a prime number?
True
Let n be 2/8 + 15346570/(-40). Is (-4)/(-30) + n/(-720) prime?
False
Let h be (-68796)/36*(-22)/(-4)*-2. Suppose 0 = 7*c - h + 5222. Is c prime?
False
Let q(s) = -17*s**2 + 16*s - 13. Let b be q(4). Let l = -496 + 340. Let t = l - b. Is t a prime number?
False
Let d(h) = -h**3 + 19*h**2 - 34*h - 38. Let t be d(17). Let n = 49 - t. Is n a prime number?
False
Let x = 1261585 + -303000. Is x a composite number?
True
Let s(x) = 168*x**3 - 3*x**2 + 4*x - 5. Let v be s(2). Suppose -v = -5*d + 2*p - 7*p, 0 = d - 4*p - 247. Is d a prime number?
True
Suppose -m = 4*d - 309675, 7*m - 3*d - 888626 = 1279037. Is m composite?
False
Let p(h) = 16*h**2 + 61*h - 1810. Is p(-117) prime?
False
Let o(k) = -k**3 - 3*k**2 + 4*k + 5. Let z be o(-4). Suppose -r + 9175 = 5*u, -z*u - r + 6*r + 9175 = 0. Is u a prime number?
False
Let c = 3584 + 24369. Is c composite?
False
Suppose -5192*w + 5245*w - 1404694 - 4928223 = 0. Is w composite?
False
Suppose -3*h + 481848 = 3*n, 4*n = -8*h + 3*h + 803073. Is h a composite number?
True
Let v(q) = 61*q**2 + 2*q + 7. Let t = 16 - 12. Is v(t) composite?
False
Let x(f) = 48*f**2 + 365 - 717 + 374 - 3*f. Is x(13) a prime number?
False
Let x(d) = -276*d. Let t be x(-9). Let v = 10469 - t. Is v prime?
False
Let u = 401 + -97. Let m = u + 115. Is m a composite number?
False
Suppose -18 = -3*g - 3*r, -3*g - r = r - 15. Suppose -2*i = -g*z - 5, 5*i + 2*z - 6 - 16 = 0. Suppose -21*b + i*b + 5899 = 0. Is b a prime number?
True
Let j = 463 + -496. Let a(i) = 5*i**2 + 36*i - 56. Is a(j) composite?
False
Let w(t) = -44069*t - 1016. Let c(z) = 130*z + 3. Let x = 1805 + -789. Let f(v) = x*c(v) + 3*w(v). Is f(-2) prime?
False
Suppose 0 = -w - 4*g + 4830, -3*w - 5*g + 14520 = -3*g. Suppose -w + 1038 = -2*y. Suppose 3*a - y = -3*a. Is a composite?
False
Suppose 0 = -0*t + 2*t + 4*a + 8, -a - 5 = 0. Let v(o) = -o**3 + 6*o**2 + 2*o - 7. Let h be v(t). Suppose h*m - 2854 = 901. Is m a prime number?
True
Let j(c) = 193*c**3 + 10*c**2 - 13*c + 39. Is j(4) prime?
False
Suppose 10296 = 5*n - 4*t - 161260, t = n - 34311. Suppose -5*x - w = -n, 6*x = 7*x + 4*w - 6851. Is x prime?
True
Suppose 5*v = -59*g + 56*g + 295816, -5*g - 295760 = -5*v. Is v a prime number?
True
Let x be (-84)/12*5/(5/(-3)). Suppose 40*l - x*l - 38893 = 0. Is l composite?
True
Let z be 4 + 54168 - -6 - -8. Suppose -32774 - z = -16*p. Is p a prime number?
False
Suppose -69*m + 49*m = -165740. Is m composite?
False
Let s(l) = 680*l**3 + 9*l**2 + 12*l - 50. Is s(5) a prime number?
False
Suppose -25*r - 275*r + 687883306 = 338*r. Is r a prime number?
False
Let h be ((-48)/5)/((-54)/(-25740)). Let f = 12765 + h. Is f prime?
False
Let g = 13591 - 1074. Suppose -10978 = -5*u + g. Is u composite?
True
Is (2 + -3 - 1) + 404250/10 composite?
False
Suppose 3*v - 5493211 = -4*c, 2*c - 2*v - 1511847 - 1234769 = 0. Is c a composite number?
True
Suppose 2*p = 2228 + 8154. Let w = -7753 + 4781. Let a = w + p. Is a composite?
True
Let h = -263 - -266. Suppose -5*v + 0*v = -h*n + 5202, -2*n + 3484 = 2*v. Is n composite?
True
Let i(v) = 13 - 2 - 2*v + 5 - v. Let a be i(6). Let o(r) = -4*r**3 - 2*r**2 - 2. Is o(a) prime?
False
Let d(p) = -430